{"id":56,"date":"2024-05-30T20:38:01","date_gmt":"2024-05-30T18:38:01","guid":{"rendered":"https:\/\/www.la-grange-des-3-soeurs.com\/?page_id=56"},"modified":"2024-06-07T21:47:57","modified_gmt":"2024-06-07T19:47:57","slug":"localisation","status":"publish","type":"page","link":"https:\/\/www.la-grange-des-3-soeurs.com\/index.php\/localisation\/","title":{"rendered":"Localisation"},"content":{"rendered":"\n<p>La grange des 3 s\u0153urs est situ\u00e9e \u00e0 SAINT SIMON, commune de 192 habitants entre GRAMAT et FIGEAC.<\/p>\n\n\n\n<p>Par l\u2019autoroute A20, prendre la sortie 56 \u00e0 Montfaucon, suivre la D802 en direction de FIGEAC. Tourner \u00e0 gauche juste apr\u00e8s l\u2019a\u00e9rodrome de LIVERNON, puis suivre les panneaux SAINT SIMON.<\/p>\n\n\n\n<p>La grange est au 1107 route de Flaujac, \u00e0 droite sur la route.<\/p>\n\n\n\n<figure class=\"wp-block-image size-large\"><img loading=\"lazy\" decoding=\"async\" width=\"1024\" height=\"577\" src=\"https:\/\/www.la-grange-des-3-soeurs.com\/wp-content\/uploads\/2024\/06\/vue-portail-1024x577.jpg\" alt=\"\" class=\"wp-image-225\" srcset=\"https:\/\/www.la-grange-des-3-soeurs.com\/wp-content\/uploads\/2024\/06\/vue-portail-1024x577.jpg 1024w, https:\/\/www.la-grange-des-3-soeurs.com\/wp-content\/uploads\/2024\/06\/vue-portail-300x169.jpg 300w, https:\/\/www.la-grange-des-3-soeurs.com\/wp-content\/uploads\/2024\/06\/vue-portail-768x432.jpg 768w, https:\/\/www.la-grange-des-3-soeurs.com\/wp-content\/uploads\/2024\/06\/vue-portail-1536x865.jpg 1536w, https:\/\/www.la-grange-des-3-soeurs.com\/wp-content\/uploads\/2024\/06\/vue-portail-2048x1153.jpg 2048w\" sizes=\"auto, (max-width: 1024px) 100vw, 1024px\" \/><\/figure>\n\n\n\n<figure class=\"wp-block-image size-large\"><img loading=\"lazy\" decoding=\"async\" width=\"1024\" height=\"649\" src=\"https:\/\/www.la-grange-des-3-soeurs.com\/wp-content\/uploads\/2024\/05\/758961606216355-1-1024x649.jpeg\" alt=\"\" class=\"wp-image-91\" srcset=\"https:\/\/www.la-grange-des-3-soeurs.com\/wp-content\/uploads\/2024\/05\/758961606216355-1-1024x649.jpeg 1024w, https:\/\/www.la-grange-des-3-soeurs.com\/wp-content\/uploads\/2024\/05\/758961606216355-1-300x190.jpeg 300w, https:\/\/www.la-grange-des-3-soeurs.com\/wp-content\/uploads\/2024\/05\/758961606216355-1-768x486.jpeg 768w, https:\/\/www.la-grange-des-3-soeurs.com\/wp-content\/uploads\/2024\/05\/758961606216355-1.jpeg 1500w\" sizes=\"auto, (max-width: 1024px) 100vw, 1024px\" \/><\/figure>\n\n\n\n<p>En venant de FIGEAC suivre la direction de l\u2019A20, tourner \u00e0 droite juste avant l\u2019a\u00e9rodrome, suivre les panneaux SAINT SIMON.<\/p>\n\n\n\n<p>Le 1107 route de Flaujac est connu des syst\u00e8mes de navigation tels que Google maps et Waze.<\/p>\n","protected":false},"excerpt":{"rendered":"<p>La grange des 3 s\u0153urs est situ\u00e9e \u00e0 SAINT SIMON, commune de 192 habitants entre GRAMAT et FIGEAC. Par l\u2019autoroute [&hellip;]<\/p>\n","protected":false},"author":1,"featured_media":0,"parent":0,"menu_order":0,"comment_status":"closed","ping_status":"closed","template":"","meta":{"site-sidebar-layout":"default","site-content-layout":"","ast-site-content-layout":"","site-content-style":"default","site-sidebar-style":"default","ast-global-header-display":"","ast-banner-title-visibility":"","ast-main-header-display":"","ast-hfb-above-header-display":"","ast-hfb-below-header-display":"","ast-hfb-mobile-header-display":"","site-post-title":"","ast-breadcrumbs-content":"","ast-featured-img":"","footer-sml-layout":"","theme-transparent-header-meta":"","adv-header-id-meta":"","stick-header-meta":"","header-above-stick-meta":"","header-main-stick-meta":"","header-below-stick-meta":"","astra-migrate-meta-layouts":"default","ast-page-background-enabled":"default","ast-page-background-meta":{"desktop":{"background-color":"var(--ast-global-color-4)","background-image":"","background-repeat":"repeat","background-position":"center center","background-size":"auto","background-attachment":"scroll","background-type":"","background-media":"","overlay-type":"","overlay-color":"","overlay-opacity":"","overlay-gradient":""},"tablet":{"background-color":"","background-image":"","background-repeat":"repeat","background-position":"center center","background-size":"auto","background-attachment":"scroll","background-type":"","background-media":"","overlay-type":"","overlay-color":"","overlay-opacity":"","overlay-gradient":""},"mobile":{"background-color":"","background-image":"","background-repeat":"repeat","background-position":"center center","background-size":"auto","background-attachment":"scroll","background-type":"","background-media":"","overlay-type":"","overlay-color":"","overlay-opacity":"","overlay-gradient":""}},"ast-content-background-meta":{"desktop":{"background-color":"var(--ast-global-color-5)","background-image":"","background-repeat":"repeat","background-position":"center center","background-size":"auto","background-attachment":"scroll","background-type":"","background-media":"","overlay-type":"","overlay-color":"","overlay-opacity":"","overlay-gradient":""},"tablet":{"background-color":"var(--ast-global-color-5)","background-image":"","background-repeat":"repeat","background-position":"center center","background-size":"auto","background-attachment":"scroll","background-type":"","background-media":"","overlay-type":"","overlay-color":"","overlay-opacity":"","overlay-gradient":""},"mobile":{"background-color":"var(--ast-global-color-5)","background-image":"","background-repeat":"repeat","background-position":"center center","background-size":"auto","background-attachment":"scroll","background-type":"","background-media":"","overlay-type":"","overlay-color":"","overlay-opacity":"","overlay-gradient":""}},"footnotes":""},"class_list":["post-56","page","type-page","status-publish","hentry"],"_links":{"self":[{"href":"https:\/\/www.la-grange-des-3-soeurs.com\/index.php\/wp-json\/wp\/v2\/pages\/56","targetHints":{"allow":["GET"]}}],"collection":[{"href":"https:\/\/www.la-grange-des-3-soeurs.com\/index.php\/wp-json\/wp\/v2\/pages"}],"about":[{"href":"https:\/\/www.la-grange-des-3-soeurs.com\/index.php\/wp-json\/wp\/v2\/types\/page"}],"author":[{"embeddable":true,"href":"https:\/\/www.la-grange-des-3-soeurs.com\/index.php\/wp-json\/wp\/v2\/users\/1"}],"replies":[{"embeddable":true,"href":"https:\/\/www.la-grange-des-3-soeurs.com\/index.php\/wp-json\/wp\/v2\/comments?post=56"}],"version-history":[{"count":4,"href":"https:\/\/www.la-grange-des-3-soeurs.com\/index.php\/wp-json\/wp\/v2\/pages\/56\/revisions"}],"predecessor-version":[{"id":226,"href":"https:\/\/www.la-grange-des-3-soeurs.com\/index.php\/wp-json\/wp\/v2\/pages\/56\/revisions\/226"}],"wp:attachment":[{"href":"https:\/\/www.la-grange-des-3-soeurs.com\/index.php\/wp-json\/wp\/v2\/media?parent=56"}],"curies":[{"name":"wp","href":"https:\/\/api.w.org\/{rel}","templated":true}]}}